123
Convert -325 (base 14) to base 10.
-621
What is 1120 (base 3) in base 7?
60
22123 (base 5) to base 16
602
What is 16b00 (base 12) in base 11?
22617
100101000 (base 2) to base 5
2141
What is -395 (base 11) in base 7?
-1235
What is -723 (base 15) in base 7?
-4455
23020 (base 4) to base 15
327
Convert -224010 (base 5) to base 13.
-384a
Convert -101220 (base 3) to base 15.
-149
54322 (base 10) to base 8
152062
-241645 (base 7) to base 6
-535104
What is 133606 (base 7) in base 2?
110001011111011
What is 3105 (base 10) in base 9?
4230
Convert -1033442 (base 6) to base 14.
-14a0a
What is 1440 (base 6) in base 16?
180
Convert -354524 (base 6) to base 4.
-13202110
What is -971 (base 12) in base 6?
-10221
11111010011011 (base 2) to base 14
5bab
Convert -1011111111 (base 2) to base 14.
-3cb
1de (base 16) to base 14
262
440403 (base 5) to base 10
15103
-221341 (base 5) to base 6
-55425
Convert 726 (base 12) to base 14.
542
What is -976b (base 14) in base 9?
-38800
Convert -22201210 (base 3) to base 8.
-14336
What is 18b4 (base 13) in base 11?
2860
Convert -50 (base 9) to base 14.
-33
559b (base 15) to base 6
220002
What is 287 (base 13) in base 12?
315
What is -21323 (base 5) in base 8?
-2667
What is 1aa64 (base 12) in base 15?
baa7
What is -20201112 (base 3) in base 8?
-11445
What is 3232 (base 6) in base 16?
2e4
12100113 (base 4) to base 13
b880
Convert c7c (base 13) to base 4.
201103
-48e (base 15) to base 12
-722
What is -330 (base 13) in base 12?
-396
What is -2cd (base 15) in base 7?
-1606
What is -1024 (base 7) in base 9?
-441
Convert 4a68 (base 11) to base 8.
14720
What is 804 (base 15) in base 3?
2110211
Convert 32e (base 15) to base 14.
395
What is 48010 (base 11) in base 15?
1579d
What is -2221111 (base 3) in base 12?
-12aa
What is -546 (base 12) in base 2?
-1100000110
What is -5987 (base 12) in base 7?
-41161
What is -2032242 (base 5) in base 3?
-1200212210
10120 (base 8) to base 16
1050
Convert -1021220 (base 3) to base 4.
-32232
What is -16779 (base 13) in base 9?
-65016
-555 (base 6) to base 16
-d7
What is -4c (base 16) in base 3?
-2211
6963 (base 10) to base 5
210323
13223 (base 6) to base 9
2706
What is -12120220 (base 3) in base 5?
-112244
1203223 (base 4) to base 7
24412
What is 1ec (base 15) in base 12?
313
-492b (base 12) to base 3
-102022022
-112233 (base 4) to base 8
-2657
Convert -1204 (base 10) to base 5.
-14304
What is -2865 (base 11) in base 7?
-13535
Convert 337 (base 13) to base 5.
4203
Convert -100001001001 (base 2) to base 12.
-1289
Convert 1074 (base 11) to base 4.
112010
10043 (base 5) to base 16
288
What is -2491 (base 12) in base 14?
-171b
Convert 745 (base 12) to base 6.
4525
What is 36d (base 14) in base 16?
2ad
Convert -2041401 (base 5) to base 10.
-33976
Convert -92 (base 14) to base 15.
-88
Convert 770 (base 9) to base 5.
10010
1356d (base 14) to base 10
47725
Convert -11004 (base 7) to base 10.
-2748
What is 48952 (base 11) in base 15?
15ca8
Convert -1b9 (base 12) to base 8.
-435
What is -10a93 (base 14) in base 4?
-21320321
Convert -3150 (base 12) to base 10.
-5388
-d25 (base 15) to base 10
-2960
-2985 (base 11) to base 15
-1214
1116 (base 9) to base 4
30321
What is 12a0 (base 11) in base 16?
693
What is 32 (base 4) in base 7?
20
Convert -601b (base 13) to base 6.
-141050
What is -870 (base 16) in base 14?
-b04
1001 (base 8) to base 15
243
What is -2502 (base 7) in base 2?
-1110100101
What is -1011000100000 (base 2) in base 5?
-140124
What is -4097 (base 11) in base 10?
-5430
360 (base 12) to base 11
419
Convert -272 (base 15) to base 16.
-22d
Convert -164 (base 14) to base 3.
-101112
5822 (base 10) to base 12
3452
-177 (base 13) to base 16
-10b
-142 (base 9) to base 13
-92
What is 811 (base 12) in base 6?
5221
-78831 (base 10) to base 7
-445554
What is 1074 (base 9) in base 13?
493
2045 (base 6) to base 11
38a
What is 333 (base 4) in base 5?
223
What is 1412 (base 5) in base 11?
1a1
What is 10474 (base 8) in base 10?
4412
1001122 (base 3) to base 15
368
-21323213 (base 4) to base 5
-2300204
What is -53 (base 10) in base 11?
-49
What is -1062 (base 11) in base 3?
-1220211
3ba (base 13) to base 5
10120
-13012 (base 5) to base 2
-1111101111
What is 2301321 (base 4) in base 7?
45123
2112 (base 8) to base 9
1450
What is -d4ba (base 15) in base 12?
-2201a
Convert 1153 (base 9) to base 13.
510
Convert 1007 (base 11) to base 16.
53a
Convert -244120 (base 5) to base 4.
-2101011
976c (base 13) to base 14
7954
-856 (base 12) to base 8
-2302
Convert 6445 (base 15) to base 7.
115565
-71 (base 13) to base 16
-5c
Convert 10413 (base 5) to base 13.
445
Convert 1130 (base 7) to base 10.
413
What is 1001010111001 (base 2) in base 16?
12b9
Convert -23404 (base 6) to base 2.
-110100111100
Convert -3230 (base 8) to base 11.
-12a5
What is -21033 (base 5) in base 10?
-1393
What is 2021 (base 5) in base 10?
261
What is 11011 (base 3) in base 11?
a2
100001100111111 (base 2) to base 12
9b67
-18bf (base 16) to base 15
-1d25
What is 520 (base 6) in base 8?
300
-1478 (base 15) to base 9
-6015
-43554 (base 7) to base 15
-337c
Convert 6c6 (base 16) to base 14.
8bc
What is -21022101 (base 3) in base 7?
-21352
-241043 (base 5) to base 12
-5196
What is 32111 (base 4) in base 13?
557
Convert -1436 (base 7) to base 15.
-27b
What is 2422 (base 5) in base 13?
21b
4320 (base 7) to base 2
10111111101
What is 2550 (base 9) in base 7?
5364
What is 3723 (base 8) in base 15?
8d8
3747 (base 13) to base 15
24c3
-3023 (base 4) to base 16
-cb
Convert -537 (base 14) to base 10.
-1029
What is 32032 (base 5) in base 9?
2840
What is -257 (base 12) in base 14?
-1b5
Convert 10011112 (base 3) to base 9.
3145
Convert 430 (base 8) to base 5.
2110
-95 (base 15) to base 10
-140
Convert 1110111001 (base 2) to base 12.
675
Convert -11 (base 12) to base 16.
-d
What is 606 (base 9) in base 15?
22c
Convert 10cd7 (base 14) to base 15.
c207
Convert -27351 (base 9) to base 8.
-44122
130300 (base 4) to base 9
2464
-1333 (base 5) to base 16
-da
Convert 233 (base 5) to base 3.
2112
What is -11113 (base 6) in base 9?
-2120
What is 340044 (base 6) in base 2?
110111101111100
What is -1000000001 (base 2) in base 7?
-1332
-434 (base 9) to base 7
-1015
What is -668 (base 10) in base 3?
-220202
What is -14530 (base 6) in base 8?
-4466
2bd (base 14) to base 12
3a7
Convert -426 (base 9) to base 11.
-297
-54664 (base 7) to base 16
-3595
9 (base 16) to base 3
100
What is -323313 (base 4) in base 10?
-3831
Convert -12323 (base 6) to base 9.
-2476
What is 3598 (base 13) in base 12?
4461
Convert 41143 (base 6) to base 14.
1dc3
1246 (base 8) to base 4
22212
-1021203 (base 4) to base 7
-16503
What is -3302 (base 14) in base 9?
-13082
-542 (base 8) to base 3
-111010
Convert -4181 (base 12) to base 10.
-7153
Convert 32147 (base 9) to base 6.
242241
Convert -12355 (base 7) to base 12.
-1a8a
-21433 (base 8) to base 2
-10001100011011
-3066 (base 8) to base 3
-2011220
Convert -7236 (base 8) to base 11.
-28a2
4441 (base 5) to base 12
439
Convert -4140 (base 5) to base 4.
-20201
What is -424 (base 8) in base 12?
-1b0
What is -100002100 (base 3) in base 10?
-6624
1112002 (base 3) to base 13
674
What is -35a1 (base 11) in base 13?
-21b3
110001110110 (base 2) to base 9
4334
155 (base 7) to base 16
59
Convert 10501 (base 9) to base 15.
20e7
b60 (base 12) to base 5
23111
What is 3211 (base 8) in base 4?
122021
-1256 (base 16) to base 9
-6385
What is 30480 (base 9) in base 15?
5e39
What is -291 (base 12) in base 8?
-615
Convert 10000011101011 (base 2) to base 13.
3ab3
What is 100342 (base 5) in base 7?
12252
Convert -1022 (base 6) to base 11.
-19a
22031 (base 4) to base 16
28d
What is 25a (base 15) in base 11?
447
Convert -1480 (base 11) to base 7.
-5356
Convert -1120011110 (base 3) to base 5.
-1440423
Convert -1001011000 (base 2) to base 4.
-21120
What is -210 (base 11) in base 16?
-fd
Convert 1222 (base 3) to base 8.
65
Convert -102211200 (base 3) to base 13.
-3c0c
What is 856 (base 14) in base 8?
3154
What is 151 (base 15) in base 6?
1221
What is -193 (base 14) in base 15?
-16a
What is 240 (base 6) in base 12?
80
212112 (base 3) to base 16
27b
What is -100011101100 (base 2) in base 14?
-b92
Convert -1320121 (base 5) to base 8.
-63256
Convert -17407 (base 10) to base 4.
-10033333
What is -1221012 (ba